5*r - 37, 0 = -4*t - 2*r + r + 101. What is the tens digit of t?
2
Let d(m) = m**2 + 2*m - 8. What is the tens digit of d(-8)?
4
Suppose 4*j - k - k = 16, -j + 5*k = -4. Suppose j*s - 4*a = -232, -2*s - 5*a - 72 = 44. What is the units digit of s/(-4) - 5/10?
4
Suppose -v + 4*v = 6. Suppose -3*x - v = -26. What is the units digit of x?
8
Let h(o) = -4*o**3 - o**2 - o. Suppose 0 = d - 3 + 4. What is the units digit of h(d)?
4
Let u(x) = 4*x**2 + 2*x. Suppose 1 + 5 = 2*j. Let y be ((-1)/j)/(3/(-18)). What is the tens digit of u(y)?
2
Let w be -3*(-4 - (-39)/(-9)). Let u(h) = -h**3 - 3*h**2 - h + 1. Let o be u(-3). Suppose -o*j + w = j. What is the units digit of j?
5
Suppose 53 + 125 = 2*q. What is the tens digit of q?
8
Suppose 0 = 4*b - 5*b + 68. What is the tens digit of b?
6
Let q be (-6)/4*(11 - 13). Suppose -2*r - 4*d + 0*d = -34, -r = -5*d - q. What is the units digit of r?
3
What is the tens digit of 33/(-4)*72/(-27)?
2
Let z(c) = c**2 - 5 - 2*c**2 - 13*c + 1 + 21*c. Let y be (7/3)/((-2)/(-6)). What is the units digit of z(y)?
3
Let m = 172 - 82. What is the tens digit of m?
9
Let u(m) = -m**3 - 8*m**2 + 16*m + 12. What is the tens digit of u(-10)?
5
Let s = 37 + -3. What is the units digit of s?
4
Let v = 16 + -18. What is the tens digit of 2*12 + v + -1?
2
Suppose 3*l = 5*x - 419, 2*x - 2*l + 4*l = 158. What is the tens digit of x?
8
Suppose -600 + 20 = -5*v. What is the units digit of v?
6
What is the units digit of ((-20)/(-6))/(232/(-60) + 4)?
5
Suppose k + 952 = 4*y - k, 0 = 4*y + 2*k - 952. What is the hundreds digit of y?
2
Suppose -v + 107 = -3*d, 87 = v + 2*d - 0*d. What is the units digit of v?
5
Suppose -75 = -3*f - 0*f + 3*m, 4*m = -3*f + 54. Let i be (-4)/22 - (-48)/f. Suppose v - 20 = -i*c, 4*c - 29 - 11 = 4*v. What is the units digit of c?
0
Suppose -3*q + 2 = i, 5*i - 10 = q - 0*q. Suppose -2*o + 90 = 3*c, -3*o + o + 60 = i*c. What is the tens digit of c?
3
Let d(t) = -t - 4. Let r be d(-4). Suppose r = 3*v - 5*v - 10. Let n = -3 - v. What is the units digit of n?
2
Let b be 38/5 + 2/5. Suppose -5*k = -b - 2. What is the units digit of k?
2
Let q = 4 + -3. What is the units digit of q?
1
Let a(l) = 42*l**2 - l + 1. What is the tens digit of a(1)?
4
Let q(u) = 5*u. Suppose 2*y + 0*m + 3*m + 7 = 0, 0 = 2*y + 2*m + 4. What is the units digit of q(y)?
5
Let q(v) = -v**3 - 7*v**2 + 5*v - 10. Let h(x) = x**3 + 4*x**2 + x - 4. Let a be h(-4). What is the tens digit of q(a)?
1
Let i = 17 + -14. Suppose 5*k - 32 = i*k. What is the units digit of k?
6
Suppose 2*g + 2 = 2*v, v - 2*g = 5 - 1. What is the units digit of v/(-9) + (-144)/(-81)?
2
Suppose 0 = -3*m + 4*y + 238 - 29, 0 = -5*m - 4*y + 327. What is the units digit of m?
7
Let i(b) = 3*b - 5. Let t(k) = 4*k - 8. Let m(p) = 7*i(p) - 5*t(p). What is the units digit of m(0)?
5
Let u be 0/(0 - (-3 - -1)). Suppose u = 2*j - 48 - 36. What is the units digit of j/(-8)*(-24)/9?
4
Suppose 4*u - 11 = 1. What is the units digit of (1/u)/((-1)/(-12))?
4
Let y(z) = -18*z + 2. What is the units digit of y(-2)?
8
Let i be 0*(-1 - 3/(-2)). Let v = i - 1. What is the units digit of (-3)/v - (-2 - 15)?
0
Suppose -z - 4*z = -10. Suppose 0 = -z*m + 2 + 22. What is the units digit of (-3)/m + (-27)/(-12)?
2
Let x(q) be the second derivative of 1/20*q**5 + 2*q**2 - q + 0 - 1/4*q**4 + 1/6*q**3. What is the units digit of x(3)?
7
Let v(d) = 2*d + 5. Let i be v(6). Suppose 77 = 5*x + i. What is the tens digit of ((-8)/x)/(2/(-51))?
1
Let j(w) = w**2 + 7*w - 1. Let n(z) = z**3 - 8*z**2 + 4*z + 1. Let d be n(8). Suppose -9 = -3*x - d. What is the units digit of j(x)?
7
Let u = 7 - 1. Let z(q) = q**2 + q**2 + u - q - 5. What is the units digit of z(2)?
7
Let r(z) = 2*z**2 - 2*z + 1. Let m be r(3). Let l = -8 + m. Suppose 35 = l*k - 5*j, -2*k + 11 = -k - 5*j. What is the units digit of k?
6
Let z = 170 + -51. What is the units digit of z?
9
Let a be (2 - -1)*6/9. Suppose 48 = 2*w + 2*w. What is the units digit of w*1*a/3?
8
Let a(y) = -y + y - 3*y + 0*y - 11. What is the tens digit of a(-8)?
1
Suppose 4*v - 7 - 1 = 0. Suppose -v*m = -5*b + 126, 32 = 2*b - 5*m - 10. What is the units digit of b?
6
Let a(i) = 3*i - 3. Let r be a(4). Let c = r + 10. What is the units digit of c?
9
Suppose -5*s + 84 = 4*v, 2*v + 3*s - 2*s - 42 = 0. What is the tens digit of v?
2
Let r = 44 - 37. What is the units digit of r?
7
Suppose 0*l = 2*l. Suppose -3*y - 3 = -l*y. What is the units digit of 8 - y/((-3)/6)?
6
Let l(z) = 8*z**2 + 5 - 8*z - z**3 - 1 + z. Let r be l(7). What is the units digit of ((-2)/r)/((-2)/4)?
1
What is the units digit of 62/1 - (-5 - -1)?
6
Let w(z) = z**2 + z - 3. Let l be w(-3). Suppose -l*y + 6*y = 15. What is the units digit of y?
5
Suppose -19 + 5 = 2*u. Let w(p) = -7*p - 2. What is the tens digit of w(u)?
4
Let j be (5 + -97)*(-1)/4. Suppose 2*w + 1 - j = 0. What is the units digit of w?
1
Suppose i - 11 = 2*i. Let s = 4 - i. What is the tens digit of s?
1
Suppose l - 1 = 0, -5*v + 3*l - 175 + 647 = 0. What is the tens digit of v?
9
Let v = -37 + 82. What is the tens digit of v?
4
Suppose 2 = -5*n - v + 10, 4*n = v + 10. Suppose 0 = -0*o + n*o - 34. Suppose -5*y + 23 = -o. What is the units digit of y?
8
Suppose 3*k + 3*y = 21, -3*k + 21 = 2*y - 4. What is the tens digit of k?
1
Suppose 5*n + 3*o + 64 - 19 = 0, -25 = 5*n - o. Let v = -1 - n. What is the units digit of v?
5
Let i(d) = 6*d - 5. Let w be i(2). What is the units digit of (w + -5)/(2/5)?
5
Suppose -4*f + 20 = f. Let g(h) = f*h - 2 + h**2 + 5*h + 15. What is the tens digit of g(-9)?
1
Suppose 5*n + 2*t = 21, -3*t + 0*t = n - 12. Suppose 0 = 3*b - 60 + n. What is the units digit of b?
9
Let a(z) be the third derivative of z**6/120 - 2*z**5/15 + 5*z**4/12 - 7*z**3/6 - 3*z**2. What is the tens digit of a(7)?
1
Let x(z) = z**2 - 7*z + 8. Let v be x(6). Let l = v - 3. Let k = l - -3. What is the units digit of k?
2
Let j be -2 + 8 + 0/1. What is the units digit of (-4)/6*(-9)/j?
1
Let j be (-2)/(3 - (-141)/(-45)). Suppose -5*d + 3*d + 4*c = 16, -3*d - 3*c = j. Let p = d - -12. What is the units digit of p?
6
Let t be ((-8)/6 - 2)*3. Let b = -7 - t. What is the units digit of b?
3
Let c = 739 + -414. What is the units digit of c?
5
Suppose 0 = 4*i - 9*i + 480. What is the tens digit of i?
9
Let f be (-2)/(-6 - (-2 - 2)). What is the units digit of f*(5 + (-3 - -2))?
4
Let w be (-4)/(-6)*(-78)/(-4). Let c = -8 - w. Let i = c - -30. What is the units digit of i?
9
Let x(f) be the second derivative of f**3/6 + 2*f**2 + 3*f. Let l be x(-2). Suppose 6*j - 48 = l*j. What is the units digit of j?
2
Suppose 6*r - j = 3*r + 6, -2*r - 9 = -5*j. What is the units digit of -17*r/(-6)*2?
7
Let k(g) = g**3 + 12*g**2 + 7*g - 17. What is the units digit of k(-11)?
7
Let n = 137 - -16. What is the hundreds digit of n?
1
Suppose -3*r - 2*x = -72, -3*r - x + 101 = r. What is the units digit of r?
6
Suppose 3*d - 313 = 5*y, -3*y - 197 = -2*d - 2*y. What is the tens digit of d?
9
Let x(w) = 42*w**2 - 2*w + 1. What is the units digit of x(1)?
1
Suppose -3*o - o - 6 = -2*f, 0 = -o. Let y = 8 - f. What is the units digit of y?
5
Let o(g) = -g + 11 - 2 + 4 - 3. What is the units digit of o(-3)?
3
Suppose 4*s - 8*s = -8. Suppose -d - s*h + 14 = -0, -8 = -4*d + 4*h. Let j(c) = -c**2 + 6*c + 6. What is the units digit of j(d)?
6
Let k be (-8)/(-12) - 4/(-3). Let b = -2 - -1. What is the tens digit of b + -4*(-6)/k?
1
Let d(a) = 2*a + 8. Let u(c) = 3*c + 15. Let j(h) = 10*d(h) - 6*u(h). What is the units digit of j(10)?
0
Suppose 27 = 2*r + 5*m, 2*r = 3*r + 5*m - 11. What is the units digit of r?
6
Let q be (-7)/(-3) + (-2)/6. Suppose -2*y + 20 = 4*v, -3*y + q*v + 3 - 5 = 0. What is the units digit of y?
2
Suppose q = 3*g - 73, 0 = 3*g + 2*q - 0*q - 61. What is the units digit of g?
3
Suppose -n = -2 - 2. Suppose -2*k + n = -3*k. Let r = 10 + k. What is the units digit of r?
6
Suppose -f - 769 = -4*l, -4*l - l + 5*f = -980. Suppose p = -5*q + l, -2*p - 1 = -3. What is the units digit of q?
8
Suppose 0 = -21*l + 16*l + 760. What is the tens digit of l?
5
Let b = 33 + 13. What is the tens digit of b?
4
What is the tens digit of (-1)/(-3) - (-1130)/30?
3
Let v(c) be the first derivative of 3 + 7/2*c**2 + c. What is the units digit of v(1)?
8
Suppose 4*c = -2*q + 64